etermine b(13).
85
Let p(i) = -7*i - 73. Give p(-11).
4
Let p(b) = -3*b - 17. Calculate p(-7).
4
Let t(d) = -6*d + 5. Calculate t(7).
-37
Let t(j) = -3*j - 65. Determine t(-22).
1
Let t(u) = 13*u + 128. Give t(-13).
-41
Let n(w) = 34*w - 39. Determine n(-2).
-107
Let q(r) = r**2 - r + 3. Give q(2).
5
Let l(p) = 11*p - 13. Determine l(-4).
-57
Let w(i) = -2*i**2 + 7*i - 10. Determine w(3).
-7
Let z(j) = -j**3 - j**2 - j - 38. Determine z(0).
-38
Let t(z) = z - 51. What is t(17)?
-34
Let f(k) = -3*k**2 - 2*k - 2. Calculate f(-1).
-3
Let y(g) = -g**3 + 3*g**2 - 7*g + 18. Determine y(3).
-3
Let j(c) = -16*c**2 - 2*c - 6. Determine j(-2).
-66
Let y(h) = -h**3 + 10*h**2 - 8*h - 7. Give y(10).
-87
Let t(i) = -i + 99. Determine t(40).
59
Let v(b) = -b**3 + 15*b**2 - 3. Determine v(15).
-3
Let o(k) = -k - 13. Determine o(-11).
-2
Let b(a) = -32*a**3 + a**2 - a + 1. Calculate b(1).
-31
Let c(j) = -j**2 + j + 2. Calculate c(6).
-28
Let i(x) = x**2 - 17*x + 40. Determine i(4).
-12
Let d(t) = 2*t**2 - 28*t + 22. What is d(13)?
-4
Let o(f) = 2*f**3 - 56*f**2 + 4*f - 25. Give o(28).
87
Let s(y) = y - 16. Determine s(13).
-3
Let a(b) = b**3 + 9*b**2 - b + 10. Determine a(-9).
19
Let s(v) = 13*v - 1. What is s(3)?
38
Let x(w) = -w - 14. What is x(-12)?
-2
Let b(s) = -s + 4. Give b(-11).
15
Let c(h) = -h**3 + 22*h**2 + h - 29. Determine c(22).
-7
Let q(d) = 3*d**3 + 2*d**2 + 3*d + 3. Calculate q(-2).
-19
Let q(d) = d**2 - 3. Determine q(-6).
33
Let z(r) = 5*r - 66. Give z(12).
-6
Let h(s) = -s**3 + 10*s**2 - 9*s - 5. Calculate h(9).
-5
Let q(s) = s**3 + 6*s**2 - 13*s - 8. What is q(-9)?
-134
Let c(d) = 2*d**3 - 23*d**2 + 12*d - 8. Calculate c(11).
3
Let k(v) = v**2 - 2*v - 26. Calculate k(8).
22
Let d(p) = 9*p. What is d(-3)?
-27
Let d(l) = l**3 + l + 3. Calculate d(0).
3
Let j(d) = d**2 - 9*d - 13. What is j(11)?
9
Let z(l) = -l**2 + 5*l + 9. What is z(7)?
-5
Let y(h) = -2*h**2 + 22*h - 2. Calculate y(12).
-26
Let h(i) = 10*i - 15. Determine h(6).
45
Let q(v) = -v**2 - 10*v - 2. Calculate q(-10).
-2
Let b(h) = -h**3 + 3*h**2 - 2*h - 1. What is b(2)?
-1
Let b(n) = 10*n + 2. Determine b(1).
12
Let t(d) = d + 11. Calculate t(1).
12
Let d(g) = g**2 - 10*g - 20. What is d(12)?
4
Let v(d) = -d**3 + 21*d**2 + 71*d + 29. What is v(24)?
5
Let u(n) = n**3 - 4*n**2 + 4*n - 5. Determine u(4).
11
Let g(q) = -q**3 + 29*q**2 - 52*q - 57. Calculate g(27).
-3
Let t(i) = 3*i**3 - 29*i**2 - 4*i - 54. What is t(10)?
6
Let g(q) = 2*q**3 - 48*q**2 + 47*q - 28. What is g(23)?
-5
Let s(z) = z - 26. Calculate s(-13).
-39
Let y(b) = b**2 - 9. Determine y(3).
0
Let g(p) = -4*p**2 - 3*p - 1. Give g(-2).
-11
Let h(l) = 2*l + 8. What is h(-7)?
-6
Let t(i) = -i**3 + 7*i**2 - 6*i + 5. Determine t(5).
25
Let m(i) = -i**3 - i**2 + 10*i - 3. Determine m(-5).
47
Let v(l) = -l**3 + 12*l**2 + 2*l - 26. What is v(12)?
-2
Let b(p) = p**2 - 3*p + 30. Determine b(12).
138
Let l(h) = h**2 - 10*h + 25. Determine l(7).
4
Let p(r) = 22*r - 4. Determine p(1).
18
Let z(v) = v**2 - 21*v + 30. Give z(19).
-8
Let x(d) = -38*d + 5. What is x(0)?
5
Let l(s) = -2*s**3 - 13*s**2 - 18*s - 8. Give l(-5).
7
Let i(d) = 5*d**2 - 9*d + 28. Calculate i(3).
46
Let r(g) = 3*g**2 + 5*g - 9. Give r(2).
13
Let v(c) = c - 7. What is v(6)?
-1
Let o(m) = -4*m - 44. Calculate o(-9).
-8
Let i(c) = -2*c - 41. What is i(-24)?
7
Let b(c) = -c - 12. What is b(-6)?
-6
Let o(b) = -b**3 + 3*b**2 + 28*b - 1. Determine o(7).
-1
Let j(x) = -2*x**2 + 29*x - 22. What is j(14)?
-8
Let h(z) = -z**3 - 3*z**2 + 4*z + 9. Determine h(-2).
-3
Let j(r) = -17*r. Determine j(-1).
17
Let u(k) = -7*k + 172. Give u(26).
-10
Let x(r) = r**3 - 3*r**2 + 40*r - 175. Calculate x(4).
1
Let z(g) = -g**2 - g + 7. What is z(5)?
-23
Let u(g) = -g**3 - 25*g**2 - 23*g + 35. Determine u(-24).
11
Let j(b) = b - 4. What is j(-12)?
-16
Let h(s) = 5*s + 175. Determine h(-34).
5
Let v(u) = -14*u**2 + u - 1. Give v(1).
-14
Let n(s) = 2*s**3 + 38*s**2 - 2*s - 27. Give n(-19).
11
Let g(x) = x**3 - 12*x**2 - 12*x + 1. Determine g(13).
14
Let f(g) = 6*g + 16. Give f(-6).
-20
Let h(n) = 2*n**2 - n - 2. Give h(-3).
19
Let a(d) = -d**3 - 5*d**2 + 7*d + 6. Calculate a(-6).
0
Let f(r) = -r**3 - 29*r**2 + 28*r - 64. Give f(-30).
-4
Let t(k) = -2*k + 8. What is t(12)?
-16
Let q(a) = a + 9. What is q(-5)?
4
Let b(r) = 2*r**2 + 10*r - 14. Give b(-7).
14
Let i(n) = n**3 - 12*n**2 - n + 26. Determine i(12).
14
Let y(j) = -2*j + 9. Calculate y(0).
9
Let v(q) = -4*q**2 - 154*q - 88. Give v(-38).
-12
Let i(z) = -3*z + 13. Determine i(0).
13
Let y(d) = -3*d**2 - 8*d - 9. Calculate y(-3).
-12
Let y(h) = h**3 - 17*h**2 - 82*h - 35. Calculate y(21).
7
Let z(x) = -8*x + 9. Give z(0).
9
Let s(r) = -r**2 + 6*r + 6. What is s(6)?
6
Let a(c) = 5*c - 133. Calculate a(28).
7
Let r(o) = o**2 + o - 9. Determine r(0).
-9
Let l(v) = v**3 + 17*v**2 - 2*v - 41. What is l(-17)?
-7
Let t(m) = 12*m + 81. What is t(-7)?
-3
Let q(p) = 16*p - 257. Determine q(16).
-1
Let x(w) = 9*w**3 + 4*w**2 + 5*w + 3. Calculate x(-2).
-63
Let r(f) = 2*f - 26. Determine r(18).
10
Let a(c) = -c - 8. Give a(-15).
7
Let o(i) = 2*i**2 - 6*i - 5. Calculate o(6).
31
Let l(v) = 3*v**3 + 3*v**2 - 6*v + 10. Give l(2).
34
Let n(m) = -m**3 - 3*m**2 - 4*m + 3. Determine n(-5).
73
Let t(z) = -6*z**2 + 99*z - 271. Calculate t(13).
2
Let o(l) = -2*l**2 + 92*l - 93. Determine o(45).
-3
Let g(j) = -j**3 - 9*j**2 + 12*j + 23. Calculate g(-10).
3
Let k(y) = 6*y - 6. Determine k(1).
0
Let m(w) = w**3 - w**2 - 11*w - 9. Give m(-4).
-45
Let h(o) = -25*o + 81. Determine h(4).
-19
Let l(n) = 2*n**2 + 10*n + 17. What is l(-3)?
5
Let w(c) = c**2 + 9*c + 7. Determine w(-8).
-1
Let u(i) = -24*i**2 + 3*i + 2. What is u(-1)?
-25
Let l(s) = 8*s - 9. Calculate l(5).
31
Let b(u) = -25*u - 39. Calculate b(-3).
36
Let q(p) = -34*p**3 + 2*p**2 + 3*p + 2. Calculate q(-1).
35
Let l(u) = -119*u + 13. What is l(1)?
-106
Let r(z) = z - 6. Determine r(6).
0
Let o(x) = x**2 + 10*x + 25. Determine o(-5).
0
Let a(k) = -12*k + 180. Give a(15).
0
Let m(w) = w**3 + 22*w**2 - 107*w - 73. Calculate m(-26).
5
Let j(m) = 2*m + 11. Calculate j(-9).
-7
Let j(t) = 2*t**2 - 147. What is j(0)?
-147
Let t(o) = 25*o - 11. Calculate t(3).
64
Let t(l) = l**3 + 10*l - 4. What is t(3)?
53
Let f(w) = 13*w - 78. What is f(3)?
-39
Let p(m) = 2*m**3 - 3*m**2 - m - 7. Determine p(3).
17
Let b(y) = -2*y - 42. Calculate b(-23).
4
Let h(x) = -x**3 + 6*x**2. What is h(6)?
0
Let b(j) = j**3 + 3*j - 5. Give b(1).
-1
Let x(g) = 11*g - 79. Determine x(9).
20
Let t(h) = h**2 + 6*h - 24. What is t(-10)?
16
Let y(r) = -r. What is y(6)?
-6
Let z(a) = -10*a - 18. Give z(7).
-88
Let o(i) = i**2 - 8*i - 13. What is o(11)?
20
Let h(w) = -10*w - 11. Give h(-6).
49
Let c(r) = r**2 + 19*r - 16. Calculate c(-20).
4
Let z(t) = -27*t + 117. Calculate z(4).
9
Let d(u) = -u**3 - 7*u**2 + 4*u - 35. Give d(-7).
-63
Let z(q) = -7*q + 40. Determine z(6).
-2
Let y(q) = -q**2 - 16*q - 35. What is y(-15)?
-20
Let z(a) = -13*a - 112. Calculate z(-14).
70
Let z(m) = -m**2 - 19*m - 29. Calculate z(-18).
-11
Let i(s) = -4*s**2 + 3*s + 17. What is i(-2)?
-5
Let k(h) = 26*h**2 + 2*h - 1. Determine k(1).
27
Let k(z) = 6*z + 4. Calculate k(-1).
-2
Let d(b) = -5*b - 70. Give d(-14).
0
Let r(g) = g**3 + 10*g**2 + 17*g - 5. Determine r(-8).
-13
Let z(l) = -5*l + 12. Calculate z(2).
2
Let m(r) = 3*r**3 - 5*r**2 - 9*r + 1. Determine m(4).
77
Let o(a) = -32*a - 40. Calculate o(-3).
56
Let u(x) = x**2 + 8*x + 21. Determine u(-9).
30
Let o(r) = 6*r - 7. Give o(-10).
-67
Let a(r) = r**3 + 28*r**2 + 6*r + 168. Calculate a(-28).
0
Let s(p) = -10*p + 140. Determine s(10).
40
Let j(s) = -s**3 - 4*s**2 - 2*s + 4. What is j(-6)?
88
Let m(p) = p**2 - 15*p + 46. Calculate m(8).
-10
Let t(a) = -9*a - 12. Calculate t(-11).
87
Let w(q) = -6*q**2 - 44*q - 9. Give w(-7).
5
Let v(f) = 11*f - 88. Calculate v(8).
0
Let m(b) = b**2 + 1. Determine m(-2).
5
Let n(j) = 5*j**3 - 2*j**2 + j. Give n(1).
4
Let r(u) = -u**3 - u - 2. Calculate r(0).
-2
Let y(r) = r**3 + 10*r**2 - r - 7. Calculate y(-10).
3
Let k(m) = 9*m**3 + m**2 - m. What is k(1)?
9
Let r(h) = 59*h + 272. Give r(-5).
-23
Let g(n) = -13*n**2 + 5*n. What is g(-4)?
-228
Let i(c) = -6*c**2 + 327*c - 161. Give i(54).
1
Let g(d) = 3*d**3 - 8*d**2 - 3*d + 15. Give g(3).
15
Let n(a) = -a**2 - 4*a + 8. 